{"id":2223,"date":"2026-02-06T11:21:08","date_gmt":"2026-02-06T10:21:08","guid":{"rendered":"http:\/\/web.feuer.work\/urbaneck\/?page_id=2223"},"modified":"2026-02-06T12:23:02","modified_gmt":"2026-02-06T11:23:02","slug":"impressum","status":"publish","type":"page","link":"http:\/\/web.feuer.work\/urbaneck\/impressum\/","title":{"rendered":"Impressum"},"content":{"rendered":"<div class=\"fusion-fullwidth fullwidth-box fusion-builder-row-1 fusion-flex-container nonhundred-percent-fullwidth non-hundred-percent-height-scrolling\" style=\"--awb-border-radius-top-left:0px;--awb-border-radius-top-right:0px;--awb-border-radius-bottom-right:0px;--awb-border-radius-bottom-left:0px;--awb-flex-wrap:wrap;\" ><div class=\"fusion-builder-row fusion-row fusion-flex-align-items-flex-start fusion-flex-content-wrap\" style=\"max-width:1497.6px;margin-left: calc(-4% \/ 2 );margin-right: calc(-4% \/ 2 );\"><div class=\"fusion-layout-column fusion_builder_column fusion-builder-column-0 fusion_builder_column_1_1 1_1 fusion-flex-column\" style=\"--awb-bg-size:cover;--awb-width-large:100%;--awb-margin-top-large:0px;--awb-spacing-right-large:1.92%;--awb-margin-bottom-large:0px;--awb-spacing-left-large:1.92%;--awb-width-medium:100%;--awb-spacing-right-medium:1.92%;--awb-spacing-left-medium:1.92%;--awb-width-small:100%;--awb-spacing-right-small:1.92%;--awb-spacing-left-small:1.92%;\"><div class=\"fusion-column-wrapper fusion-flex-justify-content-flex-start fusion-content-layout-column\"><div class=\"fusion-title title fusion-title-1 fusion-sep-none fusion-title-text fusion-title-size-one\" style=\"--awb-text-color:var(--awb-color4);\"><h1 class=\"fusion-title-heading title-heading-left\" style=\"margin:0;text-transform:capitalize;\">Impressum<\/h1><\/div><div class=\"fusion-text fusion-text-1\"><p>Dr. Christof Urbanek<br \/>\nFachzahnarzt f\u00fcr Kieferorthop\u00e4die<br \/>\nBebenburgstra\u00dfe 9<br \/>\n91301 Forchheim<\/p>\n<h3>Kontakt<\/h3>\n<p>Telefon: 09191 64 04 34<br \/>\nTelefax: 09191 64 04 35<br \/>\nE-Mail: praxis@drurbanek.de<\/p>\n<h3>Aufsichtsbeh\u00f6rde<\/h3>\n<p>Regierung von Unterfranken<br \/>\nPeterplatz 9<br \/>\n97070 W\u00fcrzburg<\/p>\n<p><a href=\"http:\/\/www.regierung.unterfranken.bayern.de\/\" target=\"_blank\" rel=\"noopener noreferrer\">http:\/\/www.regierung.unterfranken.bayern.de\/<\/a><\/p>\n<h3>Berufsbezeichnung und berufsrechtliche Regelungen<\/h3>\n<p>Berufsbezeichnung:<br \/>\nFachzahnarzt f\u00fcr Kieferothop\u00e4die<\/p>\n<p>Zust\u00e4ndige Kammer:<br \/>\nBayerische Landeszahn\u00e4rztekammer, Fallstra\u00dfe 34, 81369 M\u00fcnchen<\/p>\n<p>Verliehen in:<br \/>\nDeutschland<\/p>\n<p>Es gelten folgende berufsrechtliche Regelungen:<\/p>\n<p>Berufsordnung f\u00fcr die bayerischen Zahn\u00e4rzte<br \/>\neinsehbar unter: <a href=\"http:\/\/www.blzk.de\/blzk\/site.nsf\/gfx\/berufsordnung.pdf\/$file\/berufsordnung.pdf\" target=\"_blank\" rel=\"noopener noreferrer\">http:\/\/www.blzk.de\/blzk\/site.nsf\/gfx\/berufsordnung.pdf\/$file\/berufsordnung.pdf<\/a><\/p>\n<h3>Verbraucher\u00adstreit\u00adbeilegung\/Universal\u00adschlichtungs\u00adstelle<\/h3>\n<p>Wir sind nicht bereit oder verpflichtet, an Streitbeilegungsverfahren vor einer Verbraucherschlichtungsstelle teilzunehmen.<\/p>\n<\/div><\/div><\/div><\/div><\/div>\n","protected":false},"excerpt":{"rendered":"","protected":false},"author":6,"featured_media":0,"parent":0,"menu_order":0,"comment_status":"closed","ping_status":"open","template":"","meta":{"footnotes":"","_wp_rev_ctl_limit":""},"class_list":["post-2223","page","type-page","status-publish","hentry"],"yoast_head":"<!-- This site is optimized with the Yoast SEO plugin v26.9 - https:\/\/yoast.com\/product\/yoast-seo-wordpress\/ -->\n<title>Impressum - Dr. Christof Urbanek - Kieferorthop\u00e4de Forchheim<\/title>\n<meta name=\"robots\" content=\"noindex, follow, max-snippet:-1, max-image-preview:large, max-video-preview:-1\" \/>\n<meta property=\"og:locale\" content=\"de_DE\" \/>\n<meta property=\"og:type\" content=\"article\" \/>\n<meta property=\"og:title\" content=\"Impressum - Dr. Christof Urbanek - Kieferorthop\u00e4de Forchheim\" \/>\n<meta property=\"og:url\" content=\"http:\/\/web.feuer.work\/urbaneck\/impressum\/\" \/>\n<meta property=\"og:site_name\" content=\"Dr. Christof Urbanek - Kieferorthop\u00e4de Forchheim\" \/>\n<meta property=\"article:modified_time\" content=\"2026-02-06T11:23:02+00:00\" \/>\n<meta name=\"twitter:card\" content=\"summary_large_image\" \/>\n<meta name=\"twitter:label1\" content=\"Gesch\u00e4tzte Lesezeit\" \/>\n\t<meta name=\"twitter:data1\" content=\"1\u00a0Minute\" \/>\n<script type=\"application\/ld+json\" class=\"yoast-schema-graph\">{\"@context\":\"https:\/\/schema.org\",\"@graph\":[{\"@type\":\"WebPage\",\"@id\":\"http:\/\/web.feuer.work\/urbaneck\/impressum\/\",\"url\":\"http:\/\/web.feuer.work\/urbaneck\/impressum\/\",\"name\":\"Impressum - Dr. Christof Urbanek - Kieferorthop\u00e4de Forchheim\",\"isPartOf\":{\"@id\":\"http:\/\/web.feuer.work\/urbaneck\/#website\"},\"datePublished\":\"2026-02-06T10:21:08+00:00\",\"dateModified\":\"2026-02-06T11:23:02+00:00\",\"breadcrumb\":{\"@id\":\"http:\/\/web.feuer.work\/urbaneck\/impressum\/#breadcrumb\"},\"inLanguage\":\"de\",\"potentialAction\":[{\"@type\":\"ReadAction\",\"target\":[\"http:\/\/web.feuer.work\/urbaneck\/impressum\/\"]}]},{\"@type\":\"BreadcrumbList\",\"@id\":\"http:\/\/web.feuer.work\/urbaneck\/impressum\/#breadcrumb\",\"itemListElement\":[{\"@type\":\"ListItem\",\"position\":1,\"name\":\"Startseite\",\"item\":\"http:\/\/web.feuer.work\/urbaneck\/\"},{\"@type\":\"ListItem\",\"position\":2,\"name\":\"Impressum\"}]},{\"@type\":\"WebSite\",\"@id\":\"http:\/\/web.feuer.work\/urbaneck\/#website\",\"url\":\"http:\/\/web.feuer.work\/urbaneck\/\",\"name\":\"Fachpraxis f\u00fcr Kieferorthop\u00e4die Forchheim - Dr. Christof Urbanek\",\"description\":\"Ma\u00dfgeschneiderten L\u00f6sungen f\u00fcr Kinder, Jugendliche und Erwachsene\",\"potentialAction\":[{\"@type\":\"SearchAction\",\"target\":{\"@type\":\"EntryPoint\",\"urlTemplate\":\"http:\/\/web.feuer.work\/urbaneck\/?s={search_term_string}\"},\"query-input\":{\"@type\":\"PropertyValueSpecification\",\"valueRequired\":true,\"valueName\":\"search_term_string\"}}],\"inLanguage\":\"de\"}]}<\/script>\n<!-- \/ Yoast SEO plugin. -->","yoast_head_json":{"title":"Impressum - Dr. Christof Urbanek - Kieferorthop\u00e4de Forchheim","robots":{"index":"noindex","follow":"follow","max-snippet":"max-snippet:-1","max-image-preview":"max-image-preview:large","max-video-preview":"max-video-preview:-1"},"og_locale":"de_DE","og_type":"article","og_title":"Impressum - Dr. Christof Urbanek - Kieferorthop\u00e4de Forchheim","og_url":"http:\/\/web.feuer.work\/urbaneck\/impressum\/","og_site_name":"Dr. Christof Urbanek - Kieferorthop\u00e4de Forchheim","article_modified_time":"2026-02-06T11:23:02+00:00","twitter_card":"summary_large_image","twitter_misc":{"Gesch\u00e4tzte Lesezeit":"1\u00a0Minute"},"schema":{"@context":"https:\/\/schema.org","@graph":[{"@type":"WebPage","@id":"http:\/\/web.feuer.work\/urbaneck\/impressum\/","url":"http:\/\/web.feuer.work\/urbaneck\/impressum\/","name":"Impressum - Dr. Christof Urbanek - Kieferorthop\u00e4de Forchheim","isPartOf":{"@id":"http:\/\/web.feuer.work\/urbaneck\/#website"},"datePublished":"2026-02-06T10:21:08+00:00","dateModified":"2026-02-06T11:23:02+00:00","breadcrumb":{"@id":"http:\/\/web.feuer.work\/urbaneck\/impressum\/#breadcrumb"},"inLanguage":"de","potentialAction":[{"@type":"ReadAction","target":["http:\/\/web.feuer.work\/urbaneck\/impressum\/"]}]},{"@type":"BreadcrumbList","@id":"http:\/\/web.feuer.work\/urbaneck\/impressum\/#breadcrumb","itemListElement":[{"@type":"ListItem","position":1,"name":"Startseite","item":"http:\/\/web.feuer.work\/urbaneck\/"},{"@type":"ListItem","position":2,"name":"Impressum"}]},{"@type":"WebSite","@id":"http:\/\/web.feuer.work\/urbaneck\/#website","url":"http:\/\/web.feuer.work\/urbaneck\/","name":"Fachpraxis f\u00fcr Kieferorthop\u00e4die Forchheim - Dr. Christof Urbanek","description":"Ma\u00dfgeschneiderten L\u00f6sungen f\u00fcr Kinder, Jugendliche und Erwachsene","potentialAction":[{"@type":"SearchAction","target":{"@type":"EntryPoint","urlTemplate":"http:\/\/web.feuer.work\/urbaneck\/?s={search_term_string}"},"query-input":{"@type":"PropertyValueSpecification","valueRequired":true,"valueName":"search_term_string"}}],"inLanguage":"de"}]}},"_links":{"self":[{"href":"http:\/\/web.feuer.work\/urbaneck\/wp-json\/wp\/v2\/pages\/2223","targetHints":{"allow":["GET"]}}],"collection":[{"href":"http:\/\/web.feuer.work\/urbaneck\/wp-json\/wp\/v2\/pages"}],"about":[{"href":"http:\/\/web.feuer.work\/urbaneck\/wp-json\/wp\/v2\/types\/page"}],"author":[{"embeddable":true,"href":"http:\/\/web.feuer.work\/urbaneck\/wp-json\/wp\/v2\/users\/6"}],"replies":[{"embeddable":true,"href":"http:\/\/web.feuer.work\/urbaneck\/wp-json\/wp\/v2\/comments?post=2223"}],"version-history":[{"count":3,"href":"http:\/\/web.feuer.work\/urbaneck\/wp-json\/wp\/v2\/pages\/2223\/revisions"}],"predecessor-version":[{"id":2249,"href":"http:\/\/web.feuer.work\/urbaneck\/wp-json\/wp\/v2\/pages\/2223\/revisions\/2249"}],"wp:attachment":[{"href":"http:\/\/web.feuer.work\/urbaneck\/wp-json\/wp\/v2\/media?parent=2223"}],"curies":[{"name":"wp","href":"https:\/\/api.w.org\/{rel}","templated":true}]}}