{"id":3061,"date":"2026-05-22T10:15:59","date_gmt":"2026-05-22T08:15:59","guid":{"rendered":"http:\/\/web.feuer.work\/elektro-hoepfel\/?post_type=avada_portfolio&#038;p=3061"},"modified":"2026-05-22T10:24:09","modified_gmt":"2026-05-22T08:24:09","slug":"e-mobilitaet","status":"publish","type":"avada_portfolio","link":"http:\/\/web.feuer.work\/elektro-hoepfel\/projects\/e-mobilitaet\/","title":{"rendered":"E-Mobilit\u00e4t"},"content":{"rendered":"<div class=\"fusion-fullwidth fullwidth-box fusion-builder-row-1 fusion-flex-container has-pattern-background has-mask-background nonhundred-percent-fullwidth non-hundred-percent-height-scrolling\" style=\"--awb-border-radius-top-left:0px;--awb-border-radius-top-right:0px;--awb-border-radius-bottom-right:0px;--awb-border-radius-bottom-left:0px;--awb-flex-wrap:wrap;\" ><div class=\"fusion-builder-row fusion-row fusion-flex-align-items-flex-start fusion-flex-content-wrap\" style=\"max-width:1248px;margin-left: calc(-4% \/ 2 );margin-right: calc(-4% \/ 2 );\"><div class=\"fusion-layout-column fusion_builder_column fusion-builder-column-0 fusion_builder_column_1_1 1_1 fusion-flex-column\" style=\"--awb-bg-size:cover;--awb-width-large:100%;--awb-spacing-right-large:1.92%;--awb-margin-bottom-large:0px;--awb-spacing-left-large:1.92%;--awb-width-medium:100%;--awb-order-medium:0;--awb-spacing-right-medium:1.92%;--awb-spacing-left-medium:1.92%;--awb-width-small:100%;--awb-order-small:0;--awb-spacing-right-small:1.92%;--awb-spacing-left-small:1.92%;\"><div class=\"fusion-column-wrapper fusion-column-has-shadow fusion-flex-justify-content-flex-start fusion-content-layout-column\"><div class=\"fusion-builder-row fusion-builder-row-inner fusion-row fusion-flex-align-items-flex-start fusion-flex-content-wrap\" style=\"width:104% !important;max-width:104% !important;margin-left: calc(-4% \/ 2 );margin-right: calc(-4% \/ 2 );\"><div class=\"fusion-layout-column fusion_builder_column_inner fusion-builder-nested-column-0 fusion_builder_column_inner_1_1 1_1 fusion-flex-column\" style=\"--awb-bg-size:cover;--awb-width-large:100%;--awb-spacing-right-large:1.92%;--awb-margin-bottom-large:0px;--awb-spacing-left-large:1.92%;--awb-width-medium:100%;--awb-order-medium:0;--awb-spacing-right-medium:1.92%;--awb-spacing-left-medium:1.92%;--awb-width-small:100%;--awb-order-small:0;--awb-spacing-right-small:1.92%;--awb-spacing-left-small:1.92%;\"><div class=\"fusion-column-wrapper fusion-column-has-shadow fusion-flex-justify-content-flex-start fusion-content-layout-column\"><div class=\"fusion-image-element \" style=\"--awb-aspect-ratio: 100 \/ 60;--awb-object-position:47% 29%;--awb-margin-bottom-small:40px;--awb-caption-title-font-family:var(--h2_typography-font-family);--awb-caption-title-font-weight:var(--h2_typography-font-weight);--awb-caption-title-font-style:var(--h2_typography-font-style);--awb-caption-title-size:var(--h2_typography-font-size);--awb-caption-title-transform:var(--h2_typography-text-transform);--awb-caption-title-line-height:var(--h2_typography-line-height);--awb-caption-title-letter-spacing:var(--h2_typography-letter-spacing);\"><span class=\" fusion-imageframe imageframe-none imageframe-1 hover-type-none has-aspect-ratio\"><img decoding=\"async\" width=\"1440\" height=\"1920\" title=\"EMOBRichter\" src=\"http:\/\/web.feuer.work\/elektro-hoepfel\/wp-content\/uploads\/2026\/05\/EMOBRichter.webp\" data-orig-src=\"http:\/\/web.feuer.work\/elektro-hoepfel\/wp-content\/uploads\/2026\/05\/EMOBRichter.webp\" class=\"lazyload img-responsive wp-image-3063 img-with-aspect-ratio\" data-parent-fit=\"cover\" data-parent-container=\".fusion-image-element\" alt srcset=\"data:image\/svg+xml,%3Csvg%20xmlns%3D%27http%3A%2F%2Fwww.w3.org%2F2000%2Fsvg%27%20width%3D%271440%27%20height%3D%271920%27%20viewBox%3D%270%200%201440%201920%27%3E%3Crect%20width%3D%271440%27%20height%3D%271920%27%20fill-opacity%3D%220%22%2F%3E%3C%2Fsvg%3E\" data-srcset=\"http:\/\/web.feuer.work\/elektro-hoepfel\/wp-content\/uploads\/2026\/05\/EMOBRichter-200x267.webp 200w, http:\/\/web.feuer.work\/elektro-hoepfel\/wp-content\/uploads\/2026\/05\/EMOBRichter-400x533.webp 400w, http:\/\/web.feuer.work\/elektro-hoepfel\/wp-content\/uploads\/2026\/05\/EMOBRichter-600x800.webp 600w, http:\/\/web.feuer.work\/elektro-hoepfel\/wp-content\/uploads\/2026\/05\/EMOBRichter-800x1067.webp 800w, http:\/\/web.feuer.work\/elektro-hoepfel\/wp-content\/uploads\/2026\/05\/EMOBRichter-1200x1600.webp 1200w, http:\/\/web.feuer.work\/elektro-hoepfel\/wp-content\/uploads\/2026\/05\/EMOBRichter.webp 1440w\" data-sizes=\"auto\" data-orig-sizes=\"(max-width: 1300px) 100vw, 1200px\" \/><\/span><\/div><\/div><\/div><\/div><div class=\"fusion-title title fusion-title-1 fusion-sep-none fusion-title-text fusion-title-size-two\" style=\"--awb-text-color:var(--awb-color1);--awb-margin-top:60px;--awb-margin-top-small:60px;\"><h2 class=\"fusion-title-heading title-heading-left fusion-responsive-typography-calculated\" style=\"margin:0;text-transform:none;--fontSize:50;line-height:1.3;\">Intelligente E-Mobilit\u00e4tsl\u00f6sung mit Photovoltaik-Anbindung<\/h2><\/div><div class=\"fusion-title title fusion-title-2 fusion-sep-none fusion-title-text fusion-title-size-one\" style=\"--awb-text-color:var(--awb-color1);--awb-margin-bottom:30px;--awb-margin-bottom-small:30px;--awb-font-size:var(--awb-custom_typography_1-font-size);\"><h1 class=\"fusion-title-heading title-heading-left fusion-responsive-typography-calculated\" style=\"font-family:var(--awb-custom_typography_1-font-family);font-weight:var(--awb-custom_typography_1-font-weight);font-style:var(--awb-custom_typography_1-font-style);margin:0;letter-spacing:var(--awb-custom_typography_1-letter-spacing);text-transform:none;font-size:1em;--fontSize:40;line-height:var(--awb-custom_typography_1-line-height);\">Die Herausforderung<\/h1><\/div><div class=\"fusion-text fusion-text-1 awb-text-cols fusion-text-columns-2 fusion-no-small-visibility\" style=\"--awb-text-transform:none;--awb-text-color:var(--awb-color3);--awb-columns:2;--awb-column-spacing:3em;--awb-column-min-width:100px;\"><p>Im Rahmen dieses Projekts sollte eine moderne Ladel\u00f6sung f\u00fcr ein Elektrofahrzeug geschaffen werden \u2013 optimal abgestimmt auf die bereits vorhandene Photovoltaikanlage.<\/p>\n<p>Der Kunde w\u00fcnschte sich einen Ladepunkt an einer ganz bestimmten Position auf dem Grundst\u00fcck. Die besondere Herausforderung bestand darin, dass an dieser Stelle keine geeigneten Befestigungsm\u00f6glichkeiten vorhanden waren.<\/p>\n<p>Zus\u00e4tzlich sollte die Wallbox so integriert werden, dass das Elektrofahrzeug m\u00f6glichst effizient mit selbst erzeugtem PV-\u00dcberschuss geladen werden kann.<\/p>\n<\/div><div class=\"fusion-text fusion-text-2 fusion-no-medium-visibility fusion-no-large-visibility\" style=\"--awb-text-transform:none;--awb-text-color:var(--awb-color3);\"><p>Im Rahmen dieses Projekts sollte eine moderne Ladel\u00f6sung f\u00fcr ein Elektrofahrzeug geschaffen werden \u2013 optimal abgestimmt auf die bereits vorhandene Photovoltaikanlage.<\/p>\n<p>Der Kunde w\u00fcnschte sich einen Ladepunkt an einer ganz bestimmten Position auf dem Grundst\u00fcck. Die besondere Herausforderung bestand darin, dass an dieser Stelle keine geeigneten Befestigungsm\u00f6glichkeiten vorhanden waren.<\/p>\n<p>Zus\u00e4tzlich sollte die Wallbox so integriert werden, dass das Elektrofahrzeug m\u00f6glichst effizient mit selbst erzeugtem PV-\u00dcberschuss geladen werden kann.<\/p>\n<\/div><div class=\"fusion-title title fusion-title-3 fusion-sep-none fusion-title-text fusion-title-size-three\" style=\"--awb-text-color:var(--awb-color1);--awb-margin-top:60px;--awb-margin-bottom:30px;--awb-margin-top-small:40px;--awb-margin-bottom-small:40px;\"><h3 class=\"fusion-title-heading title-heading-left fusion-responsive-typography-calculated\" style=\"margin:0;text-transform:var(--awb-typography1-text-transform);--fontSize:40;line-height:1.4;\">Projektziele<\/h3><\/div><ul style=\"--awb-size:17px;--awb-iconcolor:var(--awb-color5);--awb-textcolor:var(--awb-color3);--awb-line-height:28.9px;--awb-icon-width:28.9px;--awb-icon-height:28.9px;--awb-icon-margin:11.9px;--awb-content-margin:40.8px;\" class=\"fusion-checklist fusion-checklist-1 fusion-checklist-default type-icons\"><li class=\"fusion-li-item\" style=\"\"><span class=\"icon-wrapper circle-no\"><i class=\"fusion-li-icon awb-factorycheck-bullet\" aria-hidden=\"true\"><\/i><\/span><div class=\"fusion-li-item-content\">\n<p>Integration einer Wallbox in die bestehende PV-Anlage<\/p>\n<\/div><\/li><li class=\"fusion-li-item\" style=\"\"><span class=\"icon-wrapper circle-no\"><i class=\"fusion-li-icon awb-factorycheck-bullet\" aria-hidden=\"true\"><\/i><\/span><div class=\"fusion-li-item-content\">\n<p>Nutzung von \u00fcbersch\u00fcssigem Solarstrom zum Laden<\/p>\n<\/div><\/li><li class=\"fusion-li-item\" style=\"\"><span class=\"icon-wrapper circle-no\"><i class=\"fusion-li-icon awb-factorycheck-bullet\" aria-hidden=\"true\"><\/i><\/span><div class=\"fusion-li-item-content\">\n<p>Individuelle Platzierung des Ladepunkts<\/p>\n<\/div><\/li><li class=\"fusion-li-item\" style=\"\"><span class=\"icon-wrapper circle-no\"><i class=\"fusion-li-icon awb-factorycheck-bullet\" aria-hidden=\"true\"><\/i><\/span><div class=\"fusion-li-item-content\">\n<p>Zukunftssichere und komfortable Ladel\u00f6sung<\/p>\n<\/div><\/li><li class=\"fusion-li-item\" style=\"\"><span class=\"icon-wrapper circle-no\"><i class=\"fusion-li-icon awb-factorycheck-bullet\" aria-hidden=\"true\"><\/i><\/span><div class=\"fusion-li-item-content\">\n<p>Fachgerechte und optisch ansprechende Umsetzung<\/p>\n<\/div><\/li><\/ul><div class=\"fusion-title title fusion-title-4 fusion-sep-none fusion-title-text fusion-title-size-three\" style=\"--awb-text-color:var(--awb-color1);--awb-margin-top:60px;--awb-margin-bottom:30px;--awb-margin-top-small:40px;--awb-margin-bottom-small:40px;\"><h3 class=\"fusion-title-heading title-heading-left fusion-responsive-typography-calculated\" style=\"margin:0;text-transform:none;--fontSize:40;line-height:1.4;\">Umsetzung<\/h3><\/div><div class=\"fusion-text fusion-text-3\" style=\"--awb-text-transform:none;--awb-text-color:var(--awb-color3);\"><p>Nach der bereits durch Elektro H\u00f6pfel realisierten Photovoltaikanlage wurde auf Kundenwunsch zus\u00e4tzlich eine moderne Wallbox installiert.<\/p>\n<p>Da am gew\u00fcnschten Standort keine geeigneten Befestigungspunkte vorhanden waren, wurde eine stabile Palisadenl\u00f6sung geschaffen, um die Wallbox exakt an der gew\u00fcnschten Position integrieren zu k\u00f6nnen.<\/p>\n<p>Die Umsetzung umfasste unter anderem:<\/p>\n<ul>\n<li>Nachr\u00fcstung einer Wallbox zur bestehenden PV-Anlage<\/li>\n<li>Vorbereitung f\u00fcr PV-\u00dcberschussladen<\/li>\n<li>Individuelle Standortl\u00f6sung mittels Palisadenkonstruktion<\/li>\n<li>Fachgerechte Elektroinstallation und Leitungsf\u00fchrung<\/li>\n<li>Integration in das bestehende Energiesystem<\/li>\n<li>Inbetriebnahme und Funktionspr\u00fcfung<\/li>\n<\/ul>\n<p>Durch die intelligente Einbindung der Wallbox kann der selbst erzeugte Solarstrom nun effizient f\u00fcr das Laden des Elektrofahrzeugs genutzt werden.<\/p>\n<\/div><div class=\"fusion-title title fusion-title-5 fusion-sep-none fusion-title-text fusion-title-size-three\" style=\"--awb-text-color:var(--awb-color1);--awb-margin-top:60px;--awb-margin-bottom:30px;--awb-margin-top-small:40px;--awb-margin-bottom-small:40px;\"><h3 class=\"fusion-title-heading title-heading-left fusion-responsive-typography-calculated\" style=\"margin:0;text-transform:none;--fontSize:40;line-height:1.4;\">Das Ergebnis<\/h3><\/div><div class=\"fusion-text fusion-text-4\" style=\"--awb-text-transform:none;--awb-text-color:var(--awb-color3);\"><p data-start=\"1775\" data-end=\"1874\">Der Kunde verf\u00fcgt nun \u00fcber eine moderne und optimal platzierte Ladel\u00f6sung f\u00fcr sein Elektrofahrzeug.<\/p>\n<p data-start=\"1876\" data-end=\"2059\">Dank der Verbindung mit der bestehenden Photovoltaikanlage kann das Fahrzeug besonders effizient und nachhaltig mit eigenem Solarstrom geladen werden \u2013 insbesondere bei PV-\u00dcberschuss.<\/p>\n<p data-start=\"2061\" data-end=\"2223\" data-is-last-node=\"\" data-is-only-node=\"\">Mit der individuellen Umsetzung und der ma\u00dfgeschneiderten Montagel\u00f6sung entstand eine praktische und zukunftssichere Kombination aus Photovoltaik und E-Mobilit\u00e4t.<\/p>\n<\/div><\/div><\/div><\/div><\/div>\n","protected":false},"excerpt":{"rendered":"<p>Ladel\u00f6sung f\u00fcr ein Elektrofahrzeug<\/p>\n","protected":false},"author":1,"featured_media":3063,"menu_order":0,"comment_status":"closed","ping_status":"closed","template":"","format":"standard","meta":{"_acf_changed":false,"footnotes":""},"portfolio_category":[45],"portfolio_skills":[],"portfolio_tags":[],"class_list":["post-3061","avada_portfolio","type-avada_portfolio","status-publish","format-standard","has-post-thumbnail","hentry","portfolio_category-photovoltaik-e-mobiliaet"],"acf":[],"_links":{"self":[{"href":"http:\/\/web.feuer.work\/elektro-hoepfel\/wp-json\/wp\/v2\/avada_portfolio\/3061","targetHints":{"allow":["GET"]}}],"collection":[{"href":"http:\/\/web.feuer.work\/elektro-hoepfel\/wp-json\/wp\/v2\/avada_portfolio"}],"about":[{"href":"http:\/\/web.feuer.work\/elektro-hoepfel\/wp-json\/wp\/v2\/types\/avada_portfolio"}],"author":[{"embeddable":true,"href":"http:\/\/web.feuer.work\/elektro-hoepfel\/wp-json\/wp\/v2\/users\/1"}],"replies":[{"embeddable":true,"href":"http:\/\/web.feuer.work\/elektro-hoepfel\/wp-json\/wp\/v2\/comments?post=3061"}],"version-history":[{"count":2,"href":"http:\/\/web.feuer.work\/elektro-hoepfel\/wp-json\/wp\/v2\/avada_portfolio\/3061\/revisions"}],"predecessor-version":[{"id":3066,"href":"http:\/\/web.feuer.work\/elektro-hoepfel\/wp-json\/wp\/v2\/avada_portfolio\/3061\/revisions\/3066"}],"wp:featuredmedia":[{"embeddable":true,"href":"http:\/\/web.feuer.work\/elektro-hoepfel\/wp-json\/wp\/v2\/media\/3063"}],"wp:attachment":[{"href":"http:\/\/web.feuer.work\/elektro-hoepfel\/wp-json\/wp\/v2\/media?parent=3061"}],"wp:term":[{"taxonomy":"portfolio_category","embeddable":true,"href":"http:\/\/web.feuer.work\/elektro-hoepfel\/wp-json\/wp\/v2\/portfolio_category?post=3061"},{"taxonomy":"portfolio_skills","embeddable":true,"href":"http:\/\/web.feuer.work\/elektro-hoepfel\/wp-json\/wp\/v2\/portfolio_skills?post=3061"},{"taxonomy":"portfolio_tags","embeddable":true,"href":"http:\/\/web.feuer.work\/elektro-hoepfel\/wp-json\/wp\/v2\/portfolio_tags?post=3061"}],"curies":[{"name":"wp","href":"https:\/\/api.w.org\/{rel}","templated":true}]}}

E-Mobilität

<div class="fusion-fullwidth fullwidth-box fusion-builder-row-1 fusion-flex-container has-pattern-background has-mask-background nonhundred-percent-fullwidth non-hundred-percent-height-scrolling" style="--awb-border-radius-top-left:0px;--awb-border-radius-top-right:0px;--awb-border-radius-bottom-right:0px;--awb-border-radius-bottom-left:0px;--awb-flex-wrap:wrap;" ><div class="fusion-builder-row fusion-row fusion-flex-align-items-flex-start fusion-flex-content-wrap" style="max-width:1248px;margin-left: calc(-4% / 2 );margin-right: calc(-4% / 2 );"><div class="fusion-layout-column fusion_builder_column fusion-builder-column-0 fusion_builder_column_1_1 1_1 fusion-flex-column" style="--awb-bg-size:cover;--awb-width-large:100%;--awb-spacing-right-large:1.92%;--awb-margin-bottom-large:0px;--awb-spacing-left-large:1.92%;--awb-width-medium:100%;--awb-order-medium:0;--awb-spacing-right-medium:1.92%;--awb-spacing-left-medium:1.92%;--awb-width-small:100%;--awb-order-small:0;--awb-spacing-right-small:1.92%;--awb-spacing-left-small:1.92%;"><div class="fusion-column-wrapper fusion-column-has-shadow fusion-flex-justify-content-flex-start fusion-content-layout-column"><div class="fusion-builder-row fusion-builder-row-inner fusion-row fusion-flex-align-items-flex-start fusion-flex-content-wrap" style="width:104% !important;max-width:104% !important;margin-left: calc(-4% / 2 );margin-right: calc(-4% / 2 );"><div class="fusion-layout-column fusion_builder_column_inner fusion-builder-nested-column-0 fusion_builder_column_inner_1_1 1_1 fusion-flex-column" style="--awb-bg-size:cover;--awb-width-large:100%;--awb-spacing-right-large:1.92%;--awb-margin-bottom-large:0px;--awb-spacing-left-large:1.92%;--awb-width-medium:100%;--awb-order-medium:0;--awb-spacing-right-medium:1.92%;--awb-spacing-left-medium:1.92%;--awb-width-small:100%;--awb-order-small:0;--awb-spacing-right-small:1.92%;--awb-spacing-left-small:1.92%;"><div class="fusion-column-wrapper fusion-column-has-shadow fusion-flex-justify-content-flex-start fusion-content-layout-column"><div class="fusion-image-element " style="--awb-aspect-ratio: 100 / 60;--awb-object-position:47% 29%;--awb-margin-bottom-small:40px;--awb-caption-title-font-family:var(--h2_typography-font-family);--awb-caption-title-font-weight:var(--h2_typography-font-weight);--awb-caption-title-font-style:var(--h2_typography-font-style);--awb-caption-title-size:var(--h2_typography-font-size);--awb-caption-title-transform:var(--h2_typography-text-transform);--awb-caption-title-line-height:var(--h2_typography-line-height);--awb-caption-title-letter-spacing:var(--h2_typography-letter-spacing);"><span class=" fusion-imageframe imageframe-none imageframe-1 hover-type-none has-aspect-ratio"><img decoding="async" width="1440" height="1920" title="EMOBRichter" src="http://web.feuer.work/elektro-hoepfel/wp-content/uploads/2026/05/EMOBRichter.webp" data-orig-src="http://web.feuer.work/elektro-hoepfel/wp-content/uploads/2026/05/EMOBRichter.webp" class="lazyload img-responsive wp-image-3063 img-with-aspect-ratio" data-parent-fit="cover" data-parent-container=".fusion-image-element" alt srcset="data:image/svg+xml,%3Csvg%20xmlns%3D%27http%3A%2F%2Fwww.w3.org%2F2000%2Fsvg%27%20width%3D%271440%27%20height%3D%271920%27%20viewBox%3D%270%200%201440%201920%27%3E%3Crect%20width%3D%271440%27%20height%3D%271920%27%20fill-opacity%3D%220%22%2F%3E%3C%2Fsvg%3E" data-srcset="http://web.feuer.work/elektro-hoepfel/wp-content/uploads/2026/05/EMOBRichter-200x267.webp 200w, http://web.feuer.work/elektro-hoepfel/wp-content/uploads/2026/05/EMOBRichter-400x533.webp 400w, http://web.feuer.work/elektro-hoepfel/wp-content/uploads/2026/05/EMOBRichter-600x800.webp 600w, http://web.feuer.work/elektro-hoepfel/wp-content/uploads/2026/05/EMOBRichter-800x1067.webp 800w, http://web.feuer.work/elektro-hoepfel/wp-content/uploads/2026/05/EMOBRichter-1200x1600.webp 1200w, http://web.feuer.work/elektro-hoepfel/wp-content/uploads/2026/05/EMOBRichter.webp 1440w" data-sizes="auto" data-orig-sizes="(max-width: 1300px) 100vw, 1200px" /></span></div></div></div></div><div class="fusion-title title fusion-title-1 fusion-sep-none fusion-title-text fusion-title-size-two" style="--awb-text-color:var(--awb-color1);--awb-margin-top:60px;--awb-margin-top-small:60px;"><h2 class="fusion-title-heading title-heading-left fusion-responsive-typography-calculated" style="margin:0;text-transform:none;--fontSize:50;line-height:1.3;">Intelligente E-Mobilitätslösung mit Photovoltaik-Anbindung</h2></div><div class="fusion-title title fusion-title-2 fusion-sep-none fusion-title-text fusion-title-size-one" style="--awb-text-color:var(--awb-color1);--awb-margin-bottom:30px;--awb-margin-bottom-small:30px;--awb-font-size:var(--awb-custom_typography_1-font-size);"><h1 class="fusion-title-heading title-heading-left fusion-responsive-typography-calculated" style="font-family:var(--awb-custom_typography_1-font-family);font-weight:var(--awb-custom_typography_1-font-weight);font-style:var(--awb-custom_typography_1-font-style);margin:0;letter-spacing:var(--awb-custom_typography_1-letter-spacing);text-transform:none;font-size:1em;--fontSize:40;line-height:var(--awb-custom_typography_1-line-height);">Die Herausforderung</h1></div><div class="fusion-text fusion-text-1 awb-text-cols fusion-text-columns-2 fusion-no-small-visibility" style="--awb-text-transform:none;--awb-text-color:var(--awb-color3);--awb-columns:2;--awb-column-spacing:3em;--awb-column-min-width:100px;"><p>Im Rahmen dieses Projekts sollte eine moderne Ladelösung für ein Elektrofahrzeug geschaffen werden – optimal abgestimmt auf die bereits vorhandene Photovoltaikanlage.</p>
<p>Der Kunde wünschte sich einen Ladepunkt an einer ganz bestimmten Position auf dem Grundstück. Die besondere Herausforderung bestand darin, dass an dieser Stelle keine geeigneten Befestigungsmöglichkeiten vorhanden waren.</p>
<p>Zusätzlich sollte die Wallbox so integriert werden, dass das Elektrofahrzeug möglichst effizient mit selbst erzeugtem PV-Überschuss geladen werden kann.</p>
</div><div class="fusion-text fusion-text-2 fusion-no-medium-visibility fusion-no-large-visibility" style="--awb-text-transform:none;--awb-text-color:var(--awb-color3);"><p>Im Rahmen dieses Projekts sollte eine moderne Ladelösung für ein Elektrofahrzeug geschaffen werden – optimal abgestimmt auf die bereits vorhandene Photovoltaikanlage.</p>
<p>Der Kunde wünschte sich einen Ladepunkt an einer ganz bestimmten Position auf dem Grundstück. Die besondere Herausforderung bestand darin, dass an dieser Stelle keine geeigneten Befestigungsmöglichkeiten vorhanden waren.</p>
<p>Zusätzlich sollte die Wallbox so integriert werden, dass das Elektrofahrzeug möglichst effizient mit selbst erzeugtem PV-Überschuss geladen werden kann.</p>
</div><div class="fusion-title title fusion-title-3 fusion-sep-none fusion-title-text fusion-title-size-three" style="--awb-text-color:var(--awb-color1);--awb-margin-top:60px;--awb-margin-bottom:30px;--awb-margin-top-small:40px;--awb-margin-bottom-small:40px;"><h3 class="fusion-title-heading title-heading-left fusion-responsive-typography-calculated" style="margin:0;text-transform:var(--awb-typography1-text-transform);--fontSize:40;line-height:1.4;">Projektziele</h3></div><ul style="--awb-size:17px;--awb-iconcolor:var(--awb-color5);--awb-textcolor:var(--awb-color3);--awb-line-height:28.9px;--awb-icon-width:28.9px;--awb-icon-height:28.9px;--awb-icon-margin:11.9px;--awb-content-margin:40.8px;" class="fusion-checklist fusion-checklist-1 fusion-checklist-default type-icons"><li class="fusion-li-item" style=""><span class="icon-wrapper circle-no"><i class="fusion-li-icon awb-factorycheck-bullet" aria-hidden="true"></i></span><div class="fusion-li-item-content">
<p>Integration einer Wallbox in die bestehende PV-Anlage</p>
</div></li><li class="fusion-li-item" style=""><span class="icon-wrapper circle-no"><i class="fusion-li-icon awb-factorycheck-bullet" aria-hidden="true"></i></span><div class="fusion-li-item-content">
<p>Nutzung von überschüssigem Solarstrom zum Laden</p>
</div></li><li class="fusion-li-item" style=""><span class="icon-wrapper circle-no"><i class="fusion-li-icon awb-factorycheck-bullet" aria-hidden="true"></i></span><div class="fusion-li-item-content">
<p>Individuelle Platzierung des Ladepunkts</p>
</div></li><li class="fusion-li-item" style=""><span class="icon-wrapper circle-no"><i class="fusion-li-icon awb-factorycheck-bullet" aria-hidden="true"></i></span><div class="fusion-li-item-content">
<p>Zukunftssichere und komfortable Ladelösung</p>
</div></li><li class="fusion-li-item" style=""><span class="icon-wrapper circle-no"><i class="fusion-li-icon awb-factorycheck-bullet" aria-hidden="true"></i></span><div class="fusion-li-item-content">
<p>Fachgerechte und optisch ansprechende Umsetzung</p>
</div></li></ul><div class="fusion-title title fusion-title-4 fusion-sep-none fusion-title-text fusion-title-size-three" style="--awb-text-color:var(--awb-color1);--awb-margin-top:60px;--awb-margin-bottom:30px;--awb-margin-top-small:40px;--awb-margin-bottom-small:40px;"><h3 class="fusion-title-heading title-heading-left fusion-responsive-typography-calculated" style="margin:0;text-transform:none;--fontSize:40;line-height:1.4;">Umsetzung</h3></div><div class="fusion-text fusion-text-3" style="--awb-text-transform:none;--awb-text-color:var(--awb-color3);"><p>Nach der bereits durch Elektro Höpfel realisierten Photovoltaikanlage wurde auf Kundenwunsch zusätzlich eine moderne Wallbox installiert.</p>
<p>Da am gewünschten Standort keine geeigneten Befestigungspunkte vorhanden waren, wurde eine stabile Palisadenlösung geschaffen, um die Wallbox exakt an der gewünschten Position integrieren zu können.</p>
<p>Die Umsetzung umfasste unter anderem:</p>
<ul>
<li>Nachrüstung einer Wallbox zur bestehenden PV-Anlage</li>
<li>Vorbereitung für PV-Überschussladen</li>
<li>Individuelle Standortlösung mittels Palisadenkonstruktion</li>
<li>Fachgerechte Elektroinstallation und Leitungsführung</li>
<li>Integration in das bestehende Energiesystem</li>
<li>Inbetriebnahme und Funktionsprüfung</li>
</ul>
<p>Durch die intelligente Einbindung der Wallbox kann der selbst erzeugte Solarstrom nun effizient für das Laden des Elektrofahrzeugs genutzt werden.</p>
</div><div class="fusion-title title fusion-title-5 fusion-sep-none fusion-title-text fusion-title-size-three" style="--awb-text-color:var(--awb-color1);--awb-margin-top:60px;--awb-margin-bottom:30px;--awb-margin-top-small:40px;--awb-margin-bottom-small:40px;"><h3 class="fusion-title-heading title-heading-left fusion-responsive-typography-calculated" style="margin:0;text-transform:none;--fontSize:40;line-height:1.4;">Das Ergebnis</h3></div><div class="fusion-text fusion-text-4" style="--awb-text-transform:none;--awb-text-color:var(--awb-color3);"><p data-start="1775" data-end="1874">Der Kunde verfügt nun über eine moderne und optimal platzierte Ladelösung für sein Elektrofahrzeug.</p>
<p data-start="1876" data-end="2059">Dank der Verbindung mit der bestehenden Photovoltaikanlage kann das Fahrzeug besonders effizient und nachhaltig mit eigenem Solarstrom geladen werden – insbesondere bei PV-Überschuss.</p>
<p data-start="2061" data-end="2223" data-is-last-node="" data-is-only-node="">Mit der individuellen Umsetzung und der maßgeschneiderten Montagelösung entstand eine praktische und zukunftssichere Kombination aus Photovoltaik und E-Mobilität.</p>
</div></div></div></div></div>

<p>Ladelösung für ein Elektrofahrzeug</p>
