{"id":284,"date":"2024-04-17T15:42:09","date_gmt":"2024-04-17T15:42:09","guid":{"rendered":"http:\/\/web.feuer.work\/elektro-hoepfel\/?post_type=avada_portfolio&#038;p=284"},"modified":"2026-06-12T11:45:49","modified_gmt":"2026-06-12T09:45:49","slug":"photovoltaikanlage-einfamilienhaus","status":"publish","type":"avada_portfolio","link":"http:\/\/web.feuer.work\/elektro-hoepfel\/projects\/photovoltaikanlage-einfamilienhaus\/","title":{"rendered":"Photovoltaik&shy;anlage Einfamilienhaus"},"content":{"rendered":"<div class=\"fusion-fullwidth fullwidth-box fusion-builder-row-1 fusion-flex-container has-pattern-background has-mask-background nonhundred-percent-fullwidth non-hundred-percent-height-scrolling\" style=\"--awb-border-radius-top-left:0px;--awb-border-radius-top-right:0px;--awb-border-radius-bottom-right:0px;--awb-border-radius-bottom-left:0px;--awb-flex-wrap:wrap;\" ><div class=\"fusion-builder-row fusion-row fusion-flex-align-items-flex-start fusion-flex-content-wrap\" style=\"max-width:1248px;margin-left: calc(-4% \/ 2 );margin-right: calc(-4% \/ 2 );\"><div class=\"fusion-layout-column fusion_builder_column fusion-builder-column-0 fusion_builder_column_1_1 1_1 fusion-flex-column\" style=\"--awb-bg-size:cover;--awb-width-large:100%;--awb-spacing-right-large:1.92%;--awb-margin-bottom-large:0px;--awb-spacing-left-large:1.92%;--awb-width-medium:100%;--awb-order-medium:0;--awb-spacing-right-medium:1.92%;--awb-spacing-left-medium:1.92%;--awb-width-small:100%;--awb-order-small:0;--awb-spacing-right-small:1.92%;--awb-spacing-left-small:1.92%;\"><div class=\"fusion-column-wrapper fusion-column-has-shadow fusion-flex-justify-content-flex-start fusion-content-layout-column\"><div class=\"fusion-builder-row fusion-builder-row-inner fusion-row fusion-flex-align-items-flex-start fusion-flex-content-wrap\" style=\"width:104% !important;max-width:104% !important;margin-left: calc(-4% \/ 2 );margin-right: calc(-4% \/ 2 );\"><div class=\"fusion-layout-column fusion_builder_column_inner fusion-builder-nested-column-0 fusion_builder_column_inner_1_1 1_1 fusion-flex-column\" style=\"--awb-bg-size:cover;--awb-width-large:100%;--awb-spacing-right-large:1.92%;--awb-margin-bottom-large:0px;--awb-spacing-left-large:1.92%;--awb-width-medium:100%;--awb-order-medium:0;--awb-spacing-right-medium:1.92%;--awb-spacing-left-medium:1.92%;--awb-width-small:100%;--awb-order-small:0;--awb-spacing-right-small:1.92%;--awb-spacing-left-small:1.92%;\"><div class=\"fusion-column-wrapper fusion-column-has-shadow fusion-flex-justify-content-flex-start fusion-content-layout-column\"><div class=\"fusion-image-element \" style=\"--awb-aspect-ratio: 100 \/ 60;--awb-object-position:49% 67%;--awb-margin-bottom-small:40px;--awb-caption-title-font-family:var(--h2_typography-font-family);--awb-caption-title-font-weight:var(--h2_typography-font-weight);--awb-caption-title-font-style:var(--h2_typography-font-style);--awb-caption-title-size:var(--h2_typography-font-size);--awb-caption-title-transform:var(--h2_typography-text-transform);--awb-caption-title-line-height:var(--h2_typography-line-height);--awb-caption-title-letter-spacing:var(--h2_typography-letter-spacing);\"><span class=\" fusion-imageframe imageframe-none imageframe-1 hover-type-none has-aspect-ratio\"><img decoding=\"async\" width=\"1440\" height=\"1800\" title=\"Kussberger\" src=\"http:\/\/web.feuer.work\/elektro-hoepfel\/wp-content\/uploads\/2024\/04\/Kussberger.webp\" data-orig-src=\"http:\/\/web.feuer.work\/elektro-hoepfel\/wp-content\/uploads\/2024\/04\/Kussberger.webp\" class=\"lazyload img-responsive wp-image-3035 img-with-aspect-ratio\" data-parent-fit=\"cover\" data-parent-container=\".fusion-image-element\" alt srcset=\"data:image\/svg+xml,%3Csvg%20xmlns%3D%27http%3A%2F%2Fwww.w3.org%2F2000%2Fsvg%27%20width%3D%271440%27%20height%3D%271800%27%20viewBox%3D%270%200%201440%201800%27%3E%3Crect%20width%3D%271440%27%20height%3D%271800%27%20fill-opacity%3D%220%22%2F%3E%3C%2Fsvg%3E\" data-srcset=\"http:\/\/web.feuer.work\/elektro-hoepfel\/wp-content\/uploads\/2024\/04\/Kussberger-200x250.webp 200w, http:\/\/web.feuer.work\/elektro-hoepfel\/wp-content\/uploads\/2024\/04\/Kussberger-400x500.webp 400w, http:\/\/web.feuer.work\/elektro-hoepfel\/wp-content\/uploads\/2024\/04\/Kussberger-600x750.webp 600w, http:\/\/web.feuer.work\/elektro-hoepfel\/wp-content\/uploads\/2024\/04\/Kussberger-800x1000.webp 800w, http:\/\/web.feuer.work\/elektro-hoepfel\/wp-content\/uploads\/2024\/04\/Kussberger-1200x1500.webp 1200w, http:\/\/web.feuer.work\/elektro-hoepfel\/wp-content\/uploads\/2024\/04\/Kussberger.webp 1440w\" data-sizes=\"auto\" data-orig-sizes=\"(max-width: 1300px) 100vw, 1200px\" \/><\/span><\/div><\/div><\/div><\/div><div class=\"fusion-title title fusion-title-1 fusion-sep-none fusion-title-text fusion-title-size-two\" style=\"--awb-text-color:var(--awb-color1);--awb-margin-top:60px;--awb-margin-top-small:60px;\"><h2 class=\"fusion-title-heading title-heading-left fusion-responsive-typography-calculated\" style=\"margin:0;text-transform:none;--fontSize:50;line-height:1.3;\">Photovoltaik\u00ad\u00adanlage mit Speicher f\u00fcr ein Einfamilienhaus<\/h2><\/div><div class=\"fusion-title title fusion-title-2 fusion-sep-none fusion-title-text fusion-title-size-one\" style=\"--awb-text-color:var(--awb-color1);--awb-margin-bottom:30px;--awb-margin-bottom-small:30px;--awb-font-size:var(--awb-custom_typography_1-font-size);\"><h1 class=\"fusion-title-heading title-heading-left fusion-responsive-typography-calculated\" style=\"font-family:var(--awb-custom_typography_1-font-family);font-weight:var(--awb-custom_typography_1-font-weight);font-style:var(--awb-custom_typography_1-font-style);margin:0;letter-spacing:var(--awb-custom_typography_1-letter-spacing);text-transform:none;font-size:1em;--fontSize:40;line-height:var(--awb-custom_typography_1-line-height);\">Die Herausforderung<\/h1><\/div><div class=\"fusion-text fusion-text-1 awb-text-cols fusion-text-columns-2 fusion-no-small-visibility\" style=\"--awb-text-transform:none;--awb-text-color:var(--awb-color3);--awb-columns:2;--awb-column-spacing:3em;--awb-column-min-width:100px;\"><p>Die Bauherren wollten ihre Energiekosten langfristig senken und gleichzeitig unabh\u00e4ngiger vom \u00f6ffentlichen Stromnetz werden.<\/p>\n<p>Das Einfamilienhaus bot ideale Voraussetzungen f\u00fcr eine leistungsstarke Photovoltaikanlage. Wichtig war dabei eine exakt abgestimmte Planung, um sowohl den t\u00e4glichen Stromverbrauch als auch die Warmwasserbereitung effizient abzudecken.<\/p>\n<p>Zus\u00e4tzlich sollte ein leistungsf\u00e4higes Speichersystem integriert werden, damit m\u00f6glichst viel des selbst erzeugten Solarstroms auch in den Abendstunden genutzt werden kann.<\/p>\n<\/div><div class=\"fusion-text fusion-text-2 fusion-no-medium-visibility fusion-no-large-visibility\" style=\"--awb-text-transform:none;--awb-text-color:var(--awb-color3);\"><p>Die Bauherren wollten ihre Energiekosten langfristig senken und gleichzeitig unabh\u00e4ngiger vom \u00f6ffentlichen Stromnetz werden.<\/p>\n<p>Das Einfamilienhaus bot ideale Voraussetzungen f\u00fcr eine leistungsstarke Photovoltaikanlage. Wichtig war dabei eine exakt abgestimmte Planung, um sowohl den t\u00e4glichen Stromverbrauch als auch die Warmwasserbereitung effizient abzudecken.<\/p>\n<p>Zus\u00e4tzlich sollte ein leistungsf\u00e4higes Speichersystem integriert werden, damit m\u00f6glichst viel des selbst erzeugten Solarstroms auch in den Abendstunden genutzt werden kann.<\/p>\n<\/div><div class=\"fusion-title title fusion-title-3 fusion-sep-none fusion-title-text fusion-title-size-three\" style=\"--awb-text-color:var(--awb-color1);--awb-margin-top:60px;--awb-margin-bottom:30px;--awb-margin-top-small:40px;--awb-margin-bottom-small:40px;\"><h3 class=\"fusion-title-heading title-heading-left fusion-responsive-typography-calculated\" style=\"margin:0;text-transform:var(--awb-typography1-text-transform);--fontSize:40;line-height:1.4;\">Projektziele<\/h3><\/div><ul style=\"--awb-size:17px;--awb-iconcolor:var(--awb-color5);--awb-textcolor:var(--awb-color3);--awb-line-height:28.9px;--awb-icon-width:28.9px;--awb-icon-height:28.9px;--awb-icon-margin:11.9px;--awb-content-margin:40.8px;\" class=\"fusion-checklist fusion-checklist-1 fusion-checklist-default type-icons\"><li class=\"fusion-li-item\" style=\"\"><span class=\"icon-wrapper circle-no\"><i class=\"fusion-li-icon awb-factorycheck-bullet\" aria-hidden=\"true\"><\/i><\/span><div class=\"fusion-li-item-content\">\n<p>Nachhaltige und zukunftssichere Energieversorgung<\/p>\n<\/div><\/li><li class=\"fusion-li-item\" style=\"\"><span class=\"icon-wrapper circle-no\"><i class=\"fusion-li-icon awb-factorycheck-bullet\" aria-hidden=\"true\"><\/i><\/span><div class=\"fusion-li-item-content\">\n<p>Hohe Eigenverbrauchsquote<\/p>\n<\/div><\/li><li class=\"fusion-li-item\" style=\"\"><span class=\"icon-wrapper circle-no\"><i class=\"fusion-li-icon awb-factorycheck-bullet\" aria-hidden=\"true\"><\/i><\/span><div class=\"fusion-li-item-content\">\n<p>Integration eines leistungsstarken Batteriespeichers<\/p>\n<\/div><\/li><li class=\"fusion-li-item\" style=\"\"><span class=\"icon-wrapper circle-no\"><i class=\"fusion-li-icon awb-factorycheck-bullet\" aria-hidden=\"true\"><\/i><\/span><div class=\"fusion-li-item-content\">\n<p>Unterst\u00fctzung der Brauchwassererw\u00e4rmung<\/p>\n<\/div><\/li><li class=\"fusion-li-item\" style=\"\"><span class=\"icon-wrapper circle-no\"><i class=\"fusion-li-icon awb-factorycheck-bullet\" aria-hidden=\"true\"><\/i><\/span><div class=\"fusion-li-item-content\">\n<p>Wirtschaftlich sinnvolle Anlagendimensionierung<\/p>\n<\/div><\/li><\/ul><div class=\"fusion-title title fusion-title-4 fusion-sep-none fusion-title-text fusion-title-size-three\" style=\"--awb-text-color:var(--awb-color1);--awb-margin-top:60px;--awb-margin-bottom:30px;--awb-margin-top-small:40px;--awb-margin-bottom-small:40px;\"><h3 class=\"fusion-title-heading title-heading-left fusion-responsive-typography-calculated\" style=\"margin:0;text-transform:none;--fontSize:40;line-height:1.4;\">Umsetzung<\/h3><\/div><div class=\"fusion-text fusion-text-3\" style=\"--awb-text-transform:none;--awb-text-color:var(--awb-color3);\"><p>F\u00fcr dieses Projekt \u00fcbernahm Elektro H\u00f6pfel die komplette Planung und Montage der Photovoltaikanlage f\u00fcr ein Einfamilienhaus.<\/p>\n<p>Installiert wurde eine Aufdachanlage mit einer Leistung von 11,7 kWp. Zum Einsatz kamen hochwertige Komponenten namhafter Hersteller, die optimal aufeinander abgestimmt wurden.<\/p>\n<p>Die Installation umfasste unter anderem:<\/p>\n<ul>\n<li>Photovoltaikanlage mit 11,7 kWp Aufdachleistung<\/li>\n<li>BYD-Speichersystem mit 13,8 kWh Kapazit\u00e4t<\/li>\n<li>SMA-Wechselrichter und Systemkomponenten<\/li>\n<li>myPV Heizstab zur Brauchwassererw\u00e4rmung mit bis zu 3,5 kW Leistung<\/li>\n<li>Fachgerechte Montage und Inbetriebnahme<\/li>\n<\/ul>\n<p>Durch die intelligente Kombination aus Photovoltaik, Speichertechnik und Warmwasserl\u00f6sung kann \u00fcbersch\u00fcssiger Solarstrom effizient genutzt werden.<\/p>\n<\/div><div class=\"fusion-title title fusion-title-5 fusion-sep-none fusion-title-text fusion-title-size-three\" style=\"--awb-text-color:var(--awb-color1);--awb-margin-top:60px;--awb-margin-bottom:30px;--awb-margin-top-small:40px;--awb-margin-bottom-small:40px;\"><h3 class=\"fusion-title-heading title-heading-left fusion-responsive-typography-calculated\" style=\"margin:0;text-transform:none;--fontSize:40;line-height:1.4;\">Das Ergebnis<\/h3><\/div><div class=\"fusion-text fusion-text-4\" style=\"--awb-text-transform:none;--awb-text-color:var(--awb-color3);\"><p>Die Familie profitiert nun von einer deutlich h\u00f6heren Eigenverbrauchsquote und nachhaltig reduzierten Stromkosten.<\/p>\n<p>Dank des BYD-Speichersystems steht auch in den Abendstunden ausreichend selbst erzeugte Energie zur Verf\u00fcgung. Der zus\u00e4tzliche Heizstab von myPV unterst\u00fctzt die effiziente Brauchwassererw\u00e4rmung und erh\u00f6ht die Nutzung des eigenen Solarstroms zus\u00e4tzlich.<\/p>\n<p>Mit der modernen Systeml\u00f6sung wurde eine nachhaltige und zukunftssichere Energieversorgung geschaffen \u2013 optimal abgestimmt auf die Anforderungen des Haushalts.<\/p>\n<\/div><\/div><\/div><\/div><\/div>\n","protected":false},"excerpt":{"rendered":"<p>Nachhaltige Energie vom eigenen Dach<\/p>\n","protected":false},"author":1,"featured_media":3035,"menu_order":0,"comment_status":"closed","ping_status":"closed","template":"","format":"standard","meta":{"_acf_changed":false,"footnotes":""},"portfolio_category":[45],"portfolio_skills":[],"portfolio_tags":[],"class_list":["post-284","avada_portfolio","type-avada_portfolio","status-publish","format-standard","has-post-thumbnail","hentry","portfolio_category-photovoltaik-e-mobiliaet"],"acf":[],"_links":{"self":[{"href":"http:\/\/web.feuer.work\/elektro-hoepfel\/wp-json\/wp\/v2\/avada_portfolio\/284","targetHints":{"allow":["GET"]}}],"collection":[{"href":"http:\/\/web.feuer.work\/elektro-hoepfel\/wp-json\/wp\/v2\/avada_portfolio"}],"about":[{"href":"http:\/\/web.feuer.work\/elektro-hoepfel\/wp-json\/wp\/v2\/types\/avada_portfolio"}],"author":[{"embeddable":true,"href":"http:\/\/web.feuer.work\/elektro-hoepfel\/wp-json\/wp\/v2\/users\/1"}],"replies":[{"embeddable":true,"href":"http:\/\/web.feuer.work\/elektro-hoepfel\/wp-json\/wp\/v2\/comments?post=284"}],"version-history":[{"count":15,"href":"http:\/\/web.feuer.work\/elektro-hoepfel\/wp-json\/wp\/v2\/avada_portfolio\/284\/revisions"}],"predecessor-version":[{"id":3159,"href":"http:\/\/web.feuer.work\/elektro-hoepfel\/wp-json\/wp\/v2\/avada_portfolio\/284\/revisions\/3159"}],"wp:featuredmedia":[{"embeddable":true,"href":"http:\/\/web.feuer.work\/elektro-hoepfel\/wp-json\/wp\/v2\/media\/3035"}],"wp:attachment":[{"href":"http:\/\/web.feuer.work\/elektro-hoepfel\/wp-json\/wp\/v2\/media?parent=284"}],"wp:term":[{"taxonomy":"portfolio_category","embeddable":true,"href":"http:\/\/web.feuer.work\/elektro-hoepfel\/wp-json\/wp\/v2\/portfolio_category?post=284"},{"taxonomy":"portfolio_skills","embeddable":true,"href":"http:\/\/web.feuer.work\/elektro-hoepfel\/wp-json\/wp\/v2\/portfolio_skills?post=284"},{"taxonomy":"portfolio_tags","embeddable":true,"href":"http:\/\/web.feuer.work\/elektro-hoepfel\/wp-json\/wp\/v2\/portfolio_tags?post=284"}],"curies":[{"name":"wp","href":"https:\/\/api.w.org\/{rel}","templated":true}]}}

<div class="fusion-fullwidth fullwidth-box fusion-builder-row-1 fusion-flex-container has-pattern-background has-mask-background nonhundred-percent-fullwidth non-hundred-percent-height-scrolling" style="--awb-border-radius-top-left:0px;--awb-border-radius-top-right:0px;--awb-border-radius-bottom-right:0px;--awb-border-radius-bottom-left:0px;--awb-flex-wrap:wrap;" ><div class="fusion-builder-row fusion-row fusion-flex-align-items-flex-start fusion-flex-content-wrap" style="max-width:1248px;margin-left: calc(-4% / 2 );margin-right: calc(-4% / 2 );"><div class="fusion-layout-column fusion_builder_column fusion-builder-column-0 fusion_builder_column_1_1 1_1 fusion-flex-column" style="--awb-bg-size:cover;--awb-width-large:100%;--awb-spacing-right-large:1.92%;--awb-margin-bottom-large:0px;--awb-spacing-left-large:1.92%;--awb-width-medium:100%;--awb-order-medium:0;--awb-spacing-right-medium:1.92%;--awb-spacing-left-medium:1.92%;--awb-width-small:100%;--awb-order-small:0;--awb-spacing-right-small:1.92%;--awb-spacing-left-small:1.92%;"><div class="fusion-column-wrapper fusion-column-has-shadow fusion-flex-justify-content-flex-start fusion-content-layout-column"><div class="fusion-builder-row fusion-builder-row-inner fusion-row fusion-flex-align-items-flex-start fusion-flex-content-wrap" style="width:104% !important;max-width:104% !important;margin-left: calc(-4% / 2 );margin-right: calc(-4% / 2 );"><div class="fusion-layout-column fusion_builder_column_inner fusion-builder-nested-column-0 fusion_builder_column_inner_1_1 1_1 fusion-flex-column" style="--awb-bg-size:cover;--awb-width-large:100%;--awb-spacing-right-large:1.92%;--awb-margin-bottom-large:0px;--awb-spacing-left-large:1.92%;--awb-width-medium:100%;--awb-order-medium:0;--awb-spacing-right-medium:1.92%;--awb-spacing-left-medium:1.92%;--awb-width-small:100%;--awb-order-small:0;--awb-spacing-right-small:1.92%;--awb-spacing-left-small:1.92%;"><div class="fusion-column-wrapper fusion-column-has-shadow fusion-flex-justify-content-flex-start fusion-content-layout-column"><div class="fusion-image-element " style="--awb-aspect-ratio: 100 / 60;--awb-object-position:49% 67%;--awb-margin-bottom-small:40px;--awb-caption-title-font-family:var(--h2_typography-font-family);--awb-caption-title-font-weight:var(--h2_typography-font-weight);--awb-caption-title-font-style:var(--h2_typography-font-style);--awb-caption-title-size:var(--h2_typography-font-size);--awb-caption-title-transform:var(--h2_typography-text-transform);--awb-caption-title-line-height:var(--h2_typography-line-height);--awb-caption-title-letter-spacing:var(--h2_typography-letter-spacing);"><span class=" fusion-imageframe imageframe-none imageframe-1 hover-type-none has-aspect-ratio"><img decoding="async" width="1440" height="1800" title="Kussberger" src="http://web.feuer.work/elektro-hoepfel/wp-content/uploads/2024/04/Kussberger.webp" data-orig-src="http://web.feuer.work/elektro-hoepfel/wp-content/uploads/2024/04/Kussberger.webp" class="lazyload img-responsive wp-image-3035 img-with-aspect-ratio" data-parent-fit="cover" data-parent-container=".fusion-image-element" alt srcset="data:image/svg+xml,%3Csvg%20xmlns%3D%27http%3A%2F%2Fwww.w3.org%2F2000%2Fsvg%27%20width%3D%271440%27%20height%3D%271800%27%20viewBox%3D%270%200%201440%201800%27%3E%3Crect%20width%3D%271440%27%20height%3D%271800%27%20fill-opacity%3D%220%22%2F%3E%3C%2Fsvg%3E" data-srcset="http://web.feuer.work/elektro-hoepfel/wp-content/uploads/2024/04/Kussberger-200x250.webp 200w, http://web.feuer.work/elektro-hoepfel/wp-content/uploads/2024/04/Kussberger-400x500.webp 400w, http://web.feuer.work/elektro-hoepfel/wp-content/uploads/2024/04/Kussberger-600x750.webp 600w, http://web.feuer.work/elektro-hoepfel/wp-content/uploads/2024/04/Kussberger-800x1000.webp 800w, http://web.feuer.work/elektro-hoepfel/wp-content/uploads/2024/04/Kussberger-1200x1500.webp 1200w, http://web.feuer.work/elektro-hoepfel/wp-content/uploads/2024/04/Kussberger.webp 1440w" data-sizes="auto" data-orig-sizes="(max-width: 1300px) 100vw, 1200px" /></span></div></div></div></div><div class="fusion-title title fusion-title-1 fusion-sep-none fusion-title-text fusion-title-size-two" style="--awb-text-color:var(--awb-color1);--awb-margin-top:60px;--awb-margin-top-small:60px;"><h2 class="fusion-title-heading title-heading-left fusion-responsive-typography-calculated" style="margin:0;text-transform:none;--fontSize:50;line-height:1.3;">Photovoltaik­­anlage mit Speicher für ein Einfamilienhaus</h2></div><div class="fusion-title title fusion-title-2 fusion-sep-none fusion-title-text fusion-title-size-one" style="--awb-text-color:var(--awb-color1);--awb-margin-bottom:30px;--awb-margin-bottom-small:30px;--awb-font-size:var(--awb-custom_typography_1-font-size);"><h1 class="fusion-title-heading title-heading-left fusion-responsive-typography-calculated" style="font-family:var(--awb-custom_typography_1-font-family);font-weight:var(--awb-custom_typography_1-font-weight);font-style:var(--awb-custom_typography_1-font-style);margin:0;letter-spacing:var(--awb-custom_typography_1-letter-spacing);text-transform:none;font-size:1em;--fontSize:40;line-height:var(--awb-custom_typography_1-line-height);">Die Herausforderung</h1></div><div class="fusion-text fusion-text-1 awb-text-cols fusion-text-columns-2 fusion-no-small-visibility" style="--awb-text-transform:none;--awb-text-color:var(--awb-color3);--awb-columns:2;--awb-column-spacing:3em;--awb-column-min-width:100px;"><p>Die Bauherren wollten ihre Energiekosten langfristig senken und gleichzeitig unabhängiger vom öffentlichen Stromnetz werden.</p>
<p>Das Einfamilienhaus bot ideale Voraussetzungen für eine leistungsstarke Photovoltaikanlage. Wichtig war dabei eine exakt abgestimmte Planung, um sowohl den täglichen Stromverbrauch als auch die Warmwasserbereitung effizient abzudecken.</p>
<p>Zusätzlich sollte ein leistungsfähiges Speichersystem integriert werden, damit möglichst viel des selbst erzeugten Solarstroms auch in den Abendstunden genutzt werden kann.</p>
</div><div class="fusion-text fusion-text-2 fusion-no-medium-visibility fusion-no-large-visibility" style="--awb-text-transform:none;--awb-text-color:var(--awb-color3);"><p>Die Bauherren wollten ihre Energiekosten langfristig senken und gleichzeitig unabhängiger vom öffentlichen Stromnetz werden.</p>
<p>Das Einfamilienhaus bot ideale Voraussetzungen für eine leistungsstarke Photovoltaikanlage. Wichtig war dabei eine exakt abgestimmte Planung, um sowohl den täglichen Stromverbrauch als auch die Warmwasserbereitung effizient abzudecken.</p>
<p>Zusätzlich sollte ein leistungsfähiges Speichersystem integriert werden, damit möglichst viel des selbst erzeugten Solarstroms auch in den Abendstunden genutzt werden kann.</p>
</div><div class="fusion-title title fusion-title-3 fusion-sep-none fusion-title-text fusion-title-size-three" style="--awb-text-color:var(--awb-color1);--awb-margin-top:60px;--awb-margin-bottom:30px;--awb-margin-top-small:40px;--awb-margin-bottom-small:40px;"><h3 class="fusion-title-heading title-heading-left fusion-responsive-typography-calculated" style="margin:0;text-transform:var(--awb-typography1-text-transform);--fontSize:40;line-height:1.4;">Projektziele</h3></div><ul style="--awb-size:17px;--awb-iconcolor:var(--awb-color5);--awb-textcolor:var(--awb-color3);--awb-line-height:28.9px;--awb-icon-width:28.9px;--awb-icon-height:28.9px;--awb-icon-margin:11.9px;--awb-content-margin:40.8px;" class="fusion-checklist fusion-checklist-1 fusion-checklist-default type-icons"><li class="fusion-li-item" style=""><span class="icon-wrapper circle-no"><i class="fusion-li-icon awb-factorycheck-bullet" aria-hidden="true"></i></span><div class="fusion-li-item-content">
<p>Nachhaltige und zukunftssichere Energieversorgung</p>
</div></li><li class="fusion-li-item" style=""><span class="icon-wrapper circle-no"><i class="fusion-li-icon awb-factorycheck-bullet" aria-hidden="true"></i></span><div class="fusion-li-item-content">
<p>Hohe Eigenverbrauchsquote</p>
</div></li><li class="fusion-li-item" style=""><span class="icon-wrapper circle-no"><i class="fusion-li-icon awb-factorycheck-bullet" aria-hidden="true"></i></span><div class="fusion-li-item-content">
<p>Integration eines leistungsstarken Batteriespeichers</p>
</div></li><li class="fusion-li-item" style=""><span class="icon-wrapper circle-no"><i class="fusion-li-icon awb-factorycheck-bullet" aria-hidden="true"></i></span><div class="fusion-li-item-content">
<p>Unterstützung der Brauchwassererwärmung</p>
</div></li><li class="fusion-li-item" style=""><span class="icon-wrapper circle-no"><i class="fusion-li-icon awb-factorycheck-bullet" aria-hidden="true"></i></span><div class="fusion-li-item-content">
<p>Wirtschaftlich sinnvolle Anlagendimensionierung</p>
</div></li></ul><div class="fusion-title title fusion-title-4 fusion-sep-none fusion-title-text fusion-title-size-three" style="--awb-text-color:var(--awb-color1);--awb-margin-top:60px;--awb-margin-bottom:30px;--awb-margin-top-small:40px;--awb-margin-bottom-small:40px;"><h3 class="fusion-title-heading title-heading-left fusion-responsive-typography-calculated" style="margin:0;text-transform:none;--fontSize:40;line-height:1.4;">Umsetzung</h3></div><div class="fusion-text fusion-text-3" style="--awb-text-transform:none;--awb-text-color:var(--awb-color3);"><p>Für dieses Projekt übernahm Elektro Höpfel die komplette Planung und Montage der Photovoltaikanlage für ein Einfamilienhaus.</p>
<p>Installiert wurde eine Aufdachanlage mit einer Leistung von 11,7 kWp. Zum Einsatz kamen hochwertige Komponenten namhafter Hersteller, die optimal aufeinander abgestimmt wurden.</p>
<p>Die Installation umfasste unter anderem:</p>
<ul>
<li>Photovoltaikanlage mit 11,7 kWp Aufdachleistung</li>
<li>BYD-Speichersystem mit 13,8 kWh Kapazität</li>
<li>SMA-Wechselrichter und Systemkomponenten</li>
<li>myPV Heizstab zur Brauchwassererwärmung mit bis zu 3,5 kW Leistung</li>
<li>Fachgerechte Montage und Inbetriebnahme</li>
</ul>
<p>Durch die intelligente Kombination aus Photovoltaik, Speichertechnik und Warmwasserlösung kann überschüssiger Solarstrom effizient genutzt werden.</p>
</div><div class="fusion-title title fusion-title-5 fusion-sep-none fusion-title-text fusion-title-size-three" style="--awb-text-color:var(--awb-color1);--awb-margin-top:60px;--awb-margin-bottom:30px;--awb-margin-top-small:40px;--awb-margin-bottom-small:40px;"><h3 class="fusion-title-heading title-heading-left fusion-responsive-typography-calculated" style="margin:0;text-transform:none;--fontSize:40;line-height:1.4;">Das Ergebnis</h3></div><div class="fusion-text fusion-text-4" style="--awb-text-transform:none;--awb-text-color:var(--awb-color3);"><p>Die Familie profitiert nun von einer deutlich höheren Eigenverbrauchsquote und nachhaltig reduzierten Stromkosten.</p>
<p>Dank des BYD-Speichersystems steht auch in den Abendstunden ausreichend selbst erzeugte Energie zur Verfügung. Der zusätzliche Heizstab von myPV unterstützt die effiziente Brauchwassererwärmung und erhöht die Nutzung des eigenen Solarstroms zusätzlich.</p>
<p>Mit der modernen Systemlösung wurde eine nachhaltige und zukunftssichere Energieversorgung geschaffen – optimal abgestimmt auf die Anforderungen des Haushalts.</p>
</div></div></div></div></div>
